{"id":10268,"date":"2021-12-14T20:47:59","date_gmt":"2021-12-14T23:47:59","guid":{"rendered":"https:\/\/www.objetivopinda.com.br\/objetivo\/?page_id=10268"},"modified":"2021-12-14T20:49:14","modified_gmt":"2021-12-14T23:49:14","slug":"educacao-infantil-colegio-objetivo-pinda","status":"publish","type":"page","link":"https:\/\/www.objetivopinda.com.br\/objetivo\/educacao-infantil-colegio-objetivo-pinda\/","title":{"rendered":"Educa\u00e7\u00e3o Infantil"},"content":{"rendered":"<p>A proposta educacional da Educa\u00e7\u00e3o Infantil \u00e9 sempre pautada pelo respeito \u00e0 crian\u00e7a. Ela \u00e9 vista como protagonista do conhecimento, que expressa de diferentes maneiras suas necessidades e seus interesses, desenvolvendo a autonomia, descobrindo o mundo ao seu redor de forma ativa e aprendendo a conviver coletivamente por meio de espa\u00e7os que educam e ambientes que acolhem.<\/p>\n<p>\u00c9 tratada como indiv\u00edduo livre, pensante, capaz, criativo, cr\u00edtico, ousando sempre novas descobertas, construindo seus valores, interagindo em seu meio ambiente e modificando-o.<\/p>\n<p>A did\u00e1tica adotada favorece a reflex\u00e3o, a inven\u00e7\u00e3o e a troca ampla e aberta de experi\u00eancias \u2013 uma postura educacional que reconhece no aluno m\u00faltiplas habilidades e capacidades, favorecendo seu pleno desenvolvimento.<\/p>\n<p>Nossos alunos vivenciam aulas de: Imagens, Sons e Palavras (Linguagem), Investiga\u00e7\u00e3o e Descoberta (Matem\u00e1tica), Natureza e Cultura, Movimento (coordena\u00e7\u00e3o motora fina e global), Hora do Conto, Culin\u00e1ria, Educa\u00e7\u00e3o F\u00edsica, M\u00fasica, Ingl\u00eas, Dan\u00e7a, Arte e Linguagem Digital (infantil 3).<\/p>\n<p><img data-recalc-dims=\"1\" loading=\"lazy\" decoding=\"async\" class=\"img-fluid alignnone wp-image-10246 size-large\" src=\"https:\/\/i0.wp.com\/www.objetivopinda.com.br\/objetivo\/wp-content\/uploads\/2021\/12\/EDUCACAO-INFANTIL-INTEGRAL1.png?resize=1024%2C720&#038;ssl=1\" alt=\"\" width=\"1024\" height=\"720\" srcset=\"https:\/\/i0.wp.com\/www.objetivopinda.com.br\/objetivo\/wp-content\/uploads\/2021\/12\/EDUCACAO-INFANTIL-INTEGRAL1.png?resize=1024%2C720&amp;ssl=1 1024w, https:\/\/i0.wp.com\/www.objetivopinda.com.br\/objetivo\/wp-content\/uploads\/2021\/12\/EDUCACAO-INFANTIL-INTEGRAL1.png?resize=300%2C211&amp;ssl=1 300w, https:\/\/i0.wp.com\/www.objetivopinda.com.br\/objetivo\/wp-content\/uploads\/2021\/12\/EDUCACAO-INFANTIL-INTEGRAL1.png?resize=768%2C540&amp;ssl=1 768w, https:\/\/i0.wp.com\/www.objetivopinda.com.br\/objetivo\/wp-content\/uploads\/2021\/12\/EDUCACAO-INFANTIL-INTEGRAL1.png?w=1080&amp;ssl=1 1080w\" sizes=\"auto, (max-width: 1000px) 100vw, 1000px\" \/><\/p>\n<p>Aulas presenciais e remotas s\u00e3o disponibilizadas pela equipe de professores do Objetivo Pinda, somadas \u00e0s aulas remotas do Sistema Objetivo de Ensino.<\/p>\n","protected":false},"excerpt":{"rendered":"<p>A proposta educacional da Educa\u00e7\u00e3o Infantil \u00e9 sempre pautada pelo respeito \u00e0 crian\u00e7a. Ela \u00e9 vista como protagonista do conhecimento, que expressa de diferentes maneiras suas necessidades e seus interesses, desenvolvendo a autonomia, descobrindo o mundo ao seu redor de forma ativa e aprendendo a conviver coletivamente por meio de espa\u00e7os que educam e ambientes &hellip; <\/p>\n<p class=\"link-more\"><a href=\"https:\/\/www.objetivopinda.com.br\/objetivo\/educacao-infantil-colegio-objetivo-pinda\/\" class=\"more-link\">Continue reading<span class=\"screen-reader-text\"> &#8220;Educa\u00e7\u00e3o Infantil&#8221;<\/span><\/a><\/p>\n","protected":false},"author":1,"featured_media":10271,"parent":0,"menu_order":0,"comment_status":"closed","ping_status":"closed","template":"page-curso.php","meta":{"_acf_changed":false,"jetpack_post_was_ever_published":false,"footnotes":""},"class_list":["post-10268","page","type-page","status-publish","has-post-thumbnail","hentry"],"acf":[],"jetpack_sharing_enabled":true,"jetpack_shortlink":"https:\/\/wp.me\/P9JGtI-2FC","jetpack_likes_enabled":true,"_links":{"self":[{"href":"https:\/\/www.objetivopinda.com.br\/objetivo\/wp-json\/wp\/v2\/pages\/10268","targetHints":{"allow":["GET"]}}],"collection":[{"href":"https:\/\/www.objetivopinda.com.br\/objetivo\/wp-json\/wp\/v2\/pages"}],"about":[{"href":"https:\/\/www.objetivopinda.com.br\/objetivo\/wp-json\/wp\/v2\/types\/page"}],"author":[{"embeddable":true,"href":"https:\/\/www.objetivopinda.com.br\/objetivo\/wp-json\/wp\/v2\/users\/1"}],"replies":[{"embeddable":true,"href":"https:\/\/www.objetivopinda.com.br\/objetivo\/wp-json\/wp\/v2\/comments?post=10268"}],"version-history":[{"count":1,"href":"https:\/\/www.objetivopinda.com.br\/objetivo\/wp-json\/wp\/v2\/pages\/10268\/revisions"}],"predecessor-version":[{"id":10270,"href":"https:\/\/www.objetivopinda.com.br\/objetivo\/wp-json\/wp\/v2\/pages\/10268\/revisions\/10270"}],"wp:featuredmedia":[{"embeddable":true,"href":"https:\/\/www.objetivopinda.com.br\/objetivo\/wp-json\/wp\/v2\/media\/10271"}],"wp:attachment":[{"href":"https:\/\/www.objetivopinda.com.br\/objetivo\/wp-json\/wp\/v2\/media?parent=10268"}],"curies":[{"name":"wp","href":"https:\/\/api.w.org\/{rel}","templated":true}]}}