{"id":10266,"date":"2021-12-14T20:40:54","date_gmt":"2021-12-14T23:40:54","guid":{"rendered":"https:\/\/www.objetivopinda.com.br\/objetivo\/?page_id=10266"},"modified":"2021-12-14T20:40:54","modified_gmt":"2021-12-14T23:40:54","slug":"bercario-colegio-objetivo-pinda","status":"publish","type":"page","link":"https:\/\/www.objetivopinda.com.br\/objetivo\/bercario-colegio-objetivo-pinda\/","title":{"rendered":"Ber\u00e7ario"},"content":{"rendered":"<p>Com muita aten\u00e7\u00e3o e cuidado, acolhemos e acalentamos cada fam\u00edlia nesse momento da separa\u00e7\u00e3o do beb\u00ea. Planejamos e criamos um ambiente seguro, confort\u00e1vel e que propicie tranquilidade e viv\u00eancias aos cuidados de profissionais altamente qualificados. Nosso objetivo \u00e9 desenvolver harmonicamente os aspectos: sens\u00f3rio motor, cognitivo, psicossocial, emocional do beb\u00ea, enfim, desenvolver globalmente.<\/p>\n<p>Entendemos que, al\u00e9m de todo est\u00edmulo externo e ambiente saud\u00e1vel, nossos beb\u00eas precisam de afeto e seguran\u00e7a para que haja desenvolvimento natural.<\/p>\n<p>Com uma rotina bem elaborada, nossos beb\u00eas vivenciam momentos que estimulam a oralidade, a coordena\u00e7\u00e3o motora, racioc\u00ednio l\u00f3gico, concentra\u00e7\u00e3o e sensibilidade, aptid\u00f5es estas que favorecem o papel significativo da Educa\u00e7\u00e3o Infantil. O l\u00fadico tem presen\u00e7a constante em todas as atividades desenvolvidas no nosso Ber\u00e7\u00e1rio! Os beb\u00eas aprendem brincando, explorando, sendo felizes na descoberta! Momento da hist\u00f3ria, parque e aula de m\u00fasica comp\u00f5em o dia a dia dos nossos pequenos.<\/p>\n<p><img data-recalc-dims=\"1\" loading=\"lazy\" decoding=\"async\" class=\"img-fluid alignnone wp-image-10178 size-full\" src=\"https:\/\/i0.wp.com\/www.objetivopinda.com.br\/objetivo\/wp-content\/uploads\/2021\/12\/BERCARIO-INTEGRAL.png?resize=1000%2C601&#038;ssl=1\" alt=\"\" width=\"1000\" height=\"601\" srcset=\"https:\/\/i0.wp.com\/www.objetivopinda.com.br\/objetivo\/wp-content\/uploads\/2021\/12\/BERCARIO-INTEGRAL.png?w=1000&amp;ssl=1 1000w, https:\/\/i0.wp.com\/www.objetivopinda.com.br\/objetivo\/wp-content\/uploads\/2021\/12\/BERCARIO-INTEGRAL.png?resize=300%2C180&amp;ssl=1 300w, https:\/\/i0.wp.com\/www.objetivopinda.com.br\/objetivo\/wp-content\/uploads\/2021\/12\/BERCARIO-INTEGRAL.png?resize=768%2C462&amp;ssl=1 768w\" sizes=\"auto, (max-width: 1000px) 100vw, 1000px\" \/><\/p>\n<p>A escola conta com enfermeira padr\u00e3o em tempo integral, dentista com a\u00e7\u00f5es preventivas, nutricionista no lanche da educa\u00e7\u00e3o infantil.<\/p>\n<p>Para facilitar a comunica\u00e7\u00e3o, temos: APP Objetivo Pinda (para comunicados), chat diretamente com Coordenadoras e sistema financeiro.<\/p>\n<p>Contamos com um protocolo r\u00edgido de Biosseguran\u00e7a, que respeita a vida de toda a nossa comunidade escolar.<\/p>\n","protected":false},"excerpt":{"rendered":"<p>Com muita aten\u00e7\u00e3o e cuidado, acolhemos e acalentamos cada fam\u00edlia nesse momento da separa\u00e7\u00e3o do beb\u00ea. Planejamos e criamos um ambiente seguro, confort\u00e1vel e que propicie tranquilidade e viv\u00eancias aos cuidados de profissionais altamente qualificados. Nosso objetivo \u00e9 desenvolver harmonicamente os aspectos: sens\u00f3rio motor, cognitivo, psicossocial, emocional do beb\u00ea, enfim, desenvolver globalmente. Entendemos que, al\u00e9m &hellip; <\/p>\n<p class=\"link-more\"><a href=\"https:\/\/www.objetivopinda.com.br\/objetivo\/bercario-colegio-objetivo-pinda\/\" class=\"more-link\">Continue reading<span class=\"screen-reader-text\"> &#8220;Ber\u00e7ario&#8221;<\/span><\/a><\/p>\n","protected":false},"author":1,"featured_media":10177,"parent":0,"menu_order":0,"comment_status":"closed","ping_status":"closed","template":"page-curso.php","meta":{"_acf_changed":false,"jetpack_post_was_ever_published":false,"footnotes":""},"class_list":["post-10266","page","type-page","status-publish","has-post-thumbnail","hentry"],"acf":[],"jetpack_sharing_enabled":true,"jetpack_shortlink":"https:\/\/wp.me\/P9JGtI-2FA","jetpack_likes_enabled":true,"_links":{"self":[{"href":"https:\/\/www.objetivopinda.com.br\/objetivo\/wp-json\/wp\/v2\/pages\/10266","targetHints":{"allow":["GET"]}}],"collection":[{"href":"https:\/\/www.objetivopinda.com.br\/objetivo\/wp-json\/wp\/v2\/pages"}],"about":[{"href":"https:\/\/www.objetivopinda.com.br\/objetivo\/wp-json\/wp\/v2\/types\/page"}],"author":[{"embeddable":true,"href":"https:\/\/www.objetivopinda.com.br\/objetivo\/wp-json\/wp\/v2\/users\/1"}],"replies":[{"embeddable":true,"href":"https:\/\/www.objetivopinda.com.br\/objetivo\/wp-json\/wp\/v2\/comments?post=10266"}],"version-history":[{"count":1,"href":"https:\/\/www.objetivopinda.com.br\/objetivo\/wp-json\/wp\/v2\/pages\/10266\/revisions"}],"predecessor-version":[{"id":10267,"href":"https:\/\/www.objetivopinda.com.br\/objetivo\/wp-json\/wp\/v2\/pages\/10266\/revisions\/10267"}],"wp:featuredmedia":[{"embeddable":true,"href":"https:\/\/www.objetivopinda.com.br\/objetivo\/wp-json\/wp\/v2\/media\/10177"}],"wp:attachment":[{"href":"https:\/\/www.objetivopinda.com.br\/objetivo\/wp-json\/wp\/v2\/media?parent=10266"}],"curies":[{"name":"wp","href":"https:\/\/api.w.org\/{rel}","templated":true}]}}